ase 14, what is 8 - 4b?
-43
In base 7, what is 4 - 316?
-312
In base 4, what is 3323 + 1?
3330
In base 15, what is -339 + -d?
-347
In base 15, what is -1 - d69?
-d6a
In base 6, what is -5 - 52230?
-52235
In base 16, what is -9 - -5?
-4
In base 4, what is -321111 + 3?
-321102
In base 6, what is 54 - -1021?
1115
In base 12, what is 2472 - -2?
2474
In base 5, what is 10 + 313?
323
In base 2, what is -11000 + 101?
-10011
In base 9, what is -352 + -3?
-355
In base 3, what is 0 - 1222?
-1222
In base 14, what is 4 - 442?
-43c
In base 16, what is -2 - -3a?
38
In base 8, what is -10 - 5730?
-5740
In base 13, what is a + -52?
-45
In base 8, what is -42 - 2?
-44
In base 12, what is -2803 - 4?
-2807
In base 12, what is -6 + 10?
6
In base 11, what is 53 - 5?
49
In base 6, what is -1145 - 4?
-1153
In base 16, what is -16 - 6e?
-84
In base 14, what is -15ba - -4?
-15b6
In base 15, what is -99c + 0?
-99c
In base 13, what is -b8 + -c?
-c7
In base 5, what is -3 + -103?
-111
In base 5, what is 122130 + 2?
122132
In base 15, what is 84e - -4?
853
In base 10, what is 1 - -44?
45
In base 4, what is -1021 - 0?
-1021
In base 2, what is 11011111 + 11100?
11111011
In base 10, what is 2 - 52?
-50
In base 10, what is -3206 - -3?
-3203
In base 6, what is 5054 + 2?
5100
In base 2, what is 10000010 - -11?
10000101
In base 9, what is -1044 + 18?
-1025
In base 2, what is 100110100 + -110111?
11111101
In base 5, what is -13 - 32?
-100
In base 2, what is 100 - 1110001?
-1101101
In base 13, what is 15 - 5?
10
In base 7, what is 3 + 325?
331
In base 12, what is -2aa + 2?
-2a8
In base 12, what is 25 + -15?
10
In base 14, what is c1 - -10?
d1
In base 8, what is 1 + -105?
-104
In base 2, what is -1011000000 + 1010?
-1010110110
In base 9, what is -561 + -15?
-576
In base 9, what is -1341 + -1?
-1342
In base 11, what is -8 - -32?
25
In base 4, what is 121 + -320?
-133
In base 15, what is 1a2 + 3?
1a5
In base 9, what is -126 + -33?
-160
In base 7, what is 1 + -26?
-25
In base 3, what is 10111010 - 2?
10111001
In base 11, what is -28a + 1?
-289
In base 14, what is 25 - -a?
31
In base 3, what is 212100121 + 10?
212100201
In base 10, what is -6470 - -4?
-6466
In base 15, what is -11 - 11?
-22
In base 3, what is 20011001 - 2?
20010222
In base 5, what is -12 - 1224?
-1241
In base 10, what is -2 + -528?
-530
In base 2, what is -10010 + -101010111?
-101101001
In base 9, what is 3 + 55?
58
In base 4, what is 1 - -21?
22
In base 8, what is 246 - -6?
254
In base 2, what is 100 - -101101?
110001
In base 7, what is 2501 - -4?
2505
In base 16, what is 6 + 276?
27c
In base 6, what is 1 + 33155?
33200
In base 3, what is -1000 + -10221?
-11221
In base 3, what is -2 - 1010?
-1012
In base 12, what is -5 + -183?
-188
In base 8, what is 4 + 26?
32
In base 13, what is 2c + -2?
2a
In base 3, what is 211 - 2022?
-1111
In base 15, what is 1418 + 4?
141c
In base 12, what is 3639 + 5?
3642
In base 14, what is -4 - 23?
-27
In base 12, what is 307 + 1?
308
In base 13, what is -109 + -6?
-112
In base 13, what is 2 - -348?
34a
In base 2, what is -10 + -111100110?
-111101000
In base 7, what is -1 + -64?
-65
In base 12, what is -3 - -7a?
77
In base 4, what is -2211 + 2?
-2203
In base 4, what is -32 - 22?
-120
In base 16, what is 4 + -8?
-4
In base 16, what is 9 + -15?
-c
In base 14, what is -c8 + -1?
-c9
In base 15, what is 3 + 26?
29
In base 11, what is 48 - -7?
54
In base 9, what is -3 + 24?
21
In base 9, what is 1056 + -2?
1054
In base 16, what is -5a + -1?
-5b
In base 2, what is 11 - -11010?
11101
In base 2, what is -101 + 1000011010?
1000010101
In base 6, what is -34 + -50?
-124
In base 12, what is -4 - -8?
4
In base 15, what is 1 + -e?
-d
In base 7, what is -52 + 44?
-5
In base 12, what is -8 - 177?
-183
In base 3, what is -12 - -2101?
2012
In base 9, what is -15 + 10?
-5
In base 14, what is 56 + -2?
54
In base 6, what is 0 - -20155?
20155
In base 10, what is -300 - 1?
-301
In base 9, what is -7462 + -5?
-7467
In base 13, what is -62b + -5?
-633
In base 6, what is -22 - 1123?
-1145
In base 4, what is -1103 + 21?
-1022
In base 15, what is -10 + 6?
-9
In base 14, what is 340 + 5?
345
In base 13, what is 73 - -143?
1b6
In base 14, what is 5 + -2d?
-28
In base 6, what is -11 - -111?
100
In base 4, what is -100 - 13?
-113
In base 14, what is 10 - -181?
191
In base 11, what is -88 + 3?
-85
In base 11, what is -6 - a4?
-aa
In base 15, what is -7 + -a6?
-ad
In base 15, what is 128b - -3?
128e
In base 6, what is 443 - -113?
1000
In base 8, what is 6112 + 4?
6116
In base 14, what is -5 - -50?
49
In base 5, what is 10144 + 0?
10144
In base 7, what is 0 + 155?
155
In base 2, what is -100 - -100101?
100001
In base 13, what is -6 - -1c3?
1ba
In base 16, what is 1 + -b5?
-b4
In base 4, what is 31 + -3?
22
In base 11, what is 42 - -4?
46
In base 15, what is 2 - 18e5?
-18e3
In base 7, what is -2334 - -3?
-2331
In base 16, what is 19 + 8?
21
In base 8, what is 6 - 104?
-76
In base 10, what is -821 - -1?
-820
In base 14, what is -9 + 515?
50a
In base 12, what is -4 - -89?
85
In base 16, what is -a - 26?
-30
In base 16, what is 4 + -60?
-5c
In base 16, what is 8 + -a?
-2
In base 4, what is 3 + -1002?
-333
In base 10, what is -2817 + -3?
-2820
In base 4, what is 3 - -2020?
2023
In base 5, what is 3 + 23140?
23143
In base 10, what is 3 - 2282?
-2279
In base 5, what is -10341 - 0?
-10341
In base 2, what is 1101011 + 11010?
10000101
In base 3, what is 121 - -20?
211
In base 6, what is 12 - 320?
-304
In base 9, what is 73 - 0?
73
In base 10, what is 144 + 0?
144
In base 4, what is 110 - -101020?
101130
In base 4, what is -21 - 112?
-133
In base 3, what is 11 - 1201110?
-1201022
In base 14, what is -6 + -d5?
-db
In base 7, what is 23 - -1361?
1414
In base 15, what is 38 + -29?
e
In base 11, what is 12 - 0?
12
In base 3, what is 2 + -2?
0
In base 5, what is -20 + -2040?
-2110
In base 14, what is -a448 - -4?
-a444
In base 13, what is 2 + -9?
-7
In base 14, what is -a + -32?
-3c
In base 2, what is 111000 + 11010011?
100001011
In base 11, what is 3 - -47a?
482
In base 15, what is 56c1 - -2?
56c3
In base 7, what is -133 - 26?
-162
In base 6, what is -10 + -20135?
-20145
In base 2, what is 10 + -11001000?
-11000110
In base 16, what is -63 - 3?
-66
In base 2, what is -10101100100111 - -10?
-10101100100101
In base 7, what is 34 - -1040?
1104
In base 4, what is -2 + 2221?
2213
In base 4, what is 31 - -110?
201
In base 3, what is -21102 - -22?
-21010
In base 16, what is 4 + -f5?
-f1
In base 13, what is 75 + -7?
6b
In base 15, what is 341 - -19?
35a
In base 13, what is -142 - 2?
-144
In base 11, what is -a3 - -2?
-a1
In base 13, what is -1 - -6c?
6b
In base 6, what is 12 + -142?
-130
In base 7, what is 134 - 35?
66
In base 10, what is -668 - 3?
-671
In base 6, what is 13 - 3?
10
In base 15, what is 11c + 3b?
158
In base 8, what is 564 + 3?
567
In base 7, what is 2 - -542?
544
In base 15, what is -1 + 2de?
2dd
In base 7, what is 5 + -311?
-303
In base 6, what is -15 - 5331?
-5350
In base 13, what is 7a - 1?
79
In base 8, what is -2727 - 1?
-2730
In base 10, what is 260 + -7?
253
In base 3, what is -121 - 1010?
-1201
In base 11, what is -16 - -11?
-5
In base 9, what is 17 - 4?
13
In base 14, what is 1bc + 4?
1c2
In base 13, what is -2 + -2?
-4
In base 2, what is -110000 + -11?
-110011
In base 4, what is -32 - -2033?
2001
In base 4, what is 3103 - -3?
3112
In base 9, what is -4526 - -5?
-4521
In base 8, what is -1212 + -11?
-1223
In base 13, what is -1 + -108?
-109
In base 15, what is -4 - 1a?
-1e
In base 2, what is 11 - -100101010?
100101101
In base 10, what is -32 - 28?
-60
In base 13, what is 0 + -6?
-6
In base 14, what is -13 - 1a?
-2d
In base 6, what is 5 + 35?
44
In base 5, what is 1034 + 140?
1224
In base 10, what is -3 + 542?
539
In base 9, what is 535 - -5?
541
In base 5, what is -2 - 11234?
-11241
In base 9, what is -8 - 3?
-12
In base 2, what is -100001110011 - -1?
-100001110010
In base 7, what is 2 - 1003?
-1001
In base 16, what is -1 - 190?
-191
In base 5, what is 1044 - 302?
242
In base 13, what is 236 - -48?
281
In base 9, what is 6 + 200?
206
In base 15, what is d9 - -38?
122
In base 2, what is 11111 + -11011101?
-10111110
In base 7, what is 2 - -142?
144
In base 8, what is -151 + -30?
-201
In base 5, what is -4 - -112103?
112044